7 + p/9. What is the units digit of ((-3)/(-2 + o))/(-1)?
1
What is the units digit of (-8 - 2)*14/(-7)?
0
Let t = -137 + 195. Suppose -4*i = -t - 66. What is the units digit of i?
1
Let p(j) = 21*j + 4. What is the tens digit of p(2)?
4
Let i = 89 - 12. What is the tens digit of i?
7
Let q(c) = -24*c**3 - c**2. What is the units digit of q(-1)?
3
Suppose 0*p - 5*p = 25. Let b(y) = -2*y - 1. Let a(i) = -i - 1. Let h(l) = -8*a(l) + 5*b(l). What is the tens digit of h(p)?
1
Let b(k) = 28*k**3 + 2*k - 1. What is the tens digit of b(1)?
2
Suppose -5*j + 118 = 28. Suppose j = v - 6. What is the tens digit of v?
2
Let i = 9 + -10. Let u(l) = -7*l - 1. Let m be u(i). What is the units digit of (m/(-9) - -1)*9?
3
Suppose -4*u + 5 = 25. Suppose -3*z = 4*i - 5, -3*z = i + 4*i - 7. What is the units digit of u/5 - (-1 + z)?
1
Let n(w) = -2*w**3 + w**2 + 4*w + 3. Let h(g) = -g**2 + 9*g + 8. Let k be h(10). What is the tens digit of n(k)?
1
Let h = 18 + 4. Let s = -16 + h. What is the units digit of s?
6
Suppose -5 = 5*l, -d - 2*d + 140 = l. Suppose -4*w + 29 = -d. What is the tens digit of w?
1
Suppose -2*d + 170 = 4*i, 3*d - 5*i = 189 + 33. What is the units digit of d?
9
What is the units digit of 51/(-9)*-1*48?
2
Suppose 2*u - 6 = -u. What is the units digit of u?
2
Let r(y) be the second derivative of y**5/20 + y**4/3 - y**3/3 - y**2 - 2*y. What is the tens digit of r(2)?
1
Let p be (-16)/(-3) + 2/(-6). Suppose -p*f - 15 = 0, 2*f + 7 = 3*d - 8. What is the units digit of d?
3
Let u = 12 + 2. Suppose -9*z = -11*z + u. What is the units digit of z?
7
Suppose 0 = j - 3*h - 77, -2*j - 3*h + 132 = 2*h. What is the units digit of j?
1
Suppose 5*h = 4*f + 174, 0*f = 5*h - 5*f - 170. Let n = h + -6. What is the units digit of n?
2
Let y(l) be the second derivative of l**3 + l**2/2 + l. What is the units digit of y(1)?
7
Let h be (-6)/(-2) + 8/8. Suppose 4*g - h = 12. What is the units digit of g?
4
Let b(d) = d - 8. Let f be b(10). What is the tens digit of 3 + (f - -19) + -3?
2
Suppose i + 0*i = -3*p - 10, -2*p = -4*i + 2. Let j = 5 + p. Suppose -2*b - j*c = -6*c, 15 = 5*c. What is the units digit of b?
6
Let a be -2 + 1 - 4/2. Let q(k) = -k**2 + 2*k + 4. Let j be q(a). Let c = -7 - j. What is the units digit of c?
4
Suppose -p = -204 - 44. What is the hundreds digit of p?
2
Suppose 0 = -2*a + 7*a - 2*z - 15, a + 4*z = 25. Suppose -2*m + n - a*n = -10, 2*n - 41 = -5*m. What is the units digit of m?
9
Suppose -3 + 10 = -3*z - 2*g, 5*z - 3*g - 1 = 0. Let v(d) = -3*d**3 - d**2 + d + 1. Let c be v(z). Suppose c*h - 1 - 7 = 0. What is the units digit of h?
4
Let g(c) = -11*c. What is the units digit of g(-5)?
5
Suppose 4*t - 129 = -3*o, 0*o + 37 = t - 4*o. What is the tens digit of t?
3
Let f(a) = a**2 - a - 5. Let u = 19 + -3. Suppose 8*s = 4*s - u. What is the tens digit of f(s)?
1
Suppose p - 2 = -0*p. Suppose p = a - 0*a. Suppose h = x, 0 = -a*x + 2*h - h + 1. What is the units digit of x?
1
Let p(n) = n - 6 - 8*n + 2*n - 2. What is the tens digit of p(-8)?
3
Let h = 22 - -35. Suppose -3*l = l - 3*a - h, 2*l = 2*a + 28. What is the units digit of l?
5
Suppose 0 = -5*u + 4*k - 58, 2*k - 20 = u - 6. Let p = -4 - u. What is the units digit of p?
6
Suppose 0*g - 1 = -2*h - g, -g - 14 = -3*h. Let w = h - 1. What is the units digit of w?
2
What is the hundreds digit of 9 - 11 - -2*723/6?
2
Suppose -21 = -g + 4*g. Let k = g + 16. Let u = k + -7. What is the units digit of u?
2
Suppose 4*d - 1025 = j, 3*d - 2*d - 248 = 3*j. What is the hundreds digit of d?
2
Let l(m) = -m**2 + 4*m. Let w = 1 + 0. Let g = w - -1. What is the units digit of l(g)?
4
Suppose z = -13*z + 2100. What is the units digit of z?
0
Let q = 11 + -6. Suppose 0*n + n = q. What is the units digit of n?
5
Suppose 0 = -5*r + 15, -3*o - r + 27 + 51 = 0. What is the tens digit of o?
2
Let b be ((-1)/(-2))/(4/(-40)). Let j(h) = -2*h - 5. Let c be j(b). Suppose -c*n + 4 = -3*n. What is the units digit of n?
2
Suppose 3*q - 8*q + 70 = 0. Let u(v) = q - 7 - v + 0. What is the units digit of u(0)?
7
Suppose 3*m = -3*u + 5*m + 674, -4*u - 2*m + 908 = 0. What is the tens digit of u?
2
Suppose 48 + 34 = t. What is the tens digit of t?
8
Let k be (-5 - -2) + 19/1. Let q = k - 7. What is the units digit of q?
9
Let g = -8 + 10. Suppose -16 = -4*c + g*c. What is the units digit of c?
8
Let a be (0 - 0)*-1*1. Suppose 0 = -a*r + 4*r - 8. Suppose -3*f + 8 = r. What is the units digit of f?
2
What is the tens digit of 4385/25 - (-2)/(10/3)?
7
Let x(d) = -d**3 - 7*d**2 - 6*d - 4. Let j be x(-6). Let u = j - -7. Suppose -4*c - 29 = -u*a, a + 0*c + 3*c = 27. What is the tens digit of a?
1
Let i(k) = -k**3 + 5*k**2 + 3*k. Let f be i(5). Suppose 2*s = 2*x - 14, -3*s - 19 = -4*x + 9. Let n = f - x. What is the units digit of n?
8
Let d(w) = -w**3 + 12*w**2 - 13*w + 14. Let c be d(11). Let t(b) = -b**3 - 8*b**2 + 6. What is the units digit of t(c)?
6
Let q(y) = -10*y**2 + 16*y**2 + 3 - 2. What is the units digit of q(1)?
7
Let y = 149 + 23. What is the tens digit of y?
7
Let d = 632 - 431. What is the hundreds digit of d?
2
Suppose 80 = a + 4*w, 1 - 5 = -4*w. What is the units digit of a?
6
Suppose 0*f + 5*f + 45 = 5*j, 4*f + 40 = 5*j. Let w(p) = p**2 + 3*p - 7. What is the units digit of w(f)?
3
Suppose -2*w - 2*w + 20 = 0. Let i(x) = x + 4. Let t be i(w). Suppose -s + 0 = -t. What is the units digit of s?
9
Let q(w) = w**3 - 13*w**2 + w - 12. What is the units digit of q(13)?
1
Suppose -23 = -2*r + 23. What is the units digit of r?
3
Suppose -5*t + 19 + 136 = 0. What is the tens digit of t?
3
Let x be 12*(1/2 + 3). Let z be (x/(-35))/(2/(-5)). Suppose z*s - 7*s = -64. What is the units digit of s?
6
Suppose -3*i + 101 = 4*d, 25 = -d + 2*d + i. Suppose q = -b + 41, -6*q + 4*q - d = -b. What is the units digit of b?
6
Let p(n) = 8*n + 2. Let i be p(-2). Let g = -5 - i. What is the units digit of g?
9
Let l(j) = 19*j**2 - 4*j + 2. What is the tens digit of l(1)?
1
Let n(o) be the third derivative of o**5/40 + o**4/8 - 2*o**3/3 - o**2. Let l(t) be the first derivative of n(t). What is the tens digit of l(3)?
1
Let v(h) = h**2 - h - 2. Let q be v(2). Let x = 5 + q. What is the units digit of x?
5
Let b(w) = 18*w**2 + 11*w + 7. What is the units digit of b(-5)?
2
Let l(d) = 4*d - 3. Let h be l(7). Suppose 0*p + k - 45 = -2*p, 0 = 5*k + h. What is the units digit of p?
5
Suppose 5*z - 3 = 2*z. Let k = 5 - z. What is the units digit of (0 + -1)*k/(-2)?
2
Let b = -21 + 15. Let p = b + 6. Suppose p = -3*w + 2 + 34. What is the tens digit of w?
1
Let r(z) = z**2 - 3*z - 2. Let s be r(4). Suppose -10 = -2*h - s. What is the units digit of -2 - (-5)/2*h?
8
Let y(n) = -n**3 + 4*n**2 + 2*n - 5. Let x be y(4). Suppose 4 = x*a - 2. Suppose -a*f = -6*f + 8. What is the units digit of f?
2
Let v = -7 + 12. Suppose 4*h - 2 - 101 = -3*d, -4*d = -v*h - 189. What is the units digit of d?
1
Let i = 37 + -13. What is the tens digit of i?
2
Let m be (2 - 0)/(4/6). Let w be (-2)/8 - 369/(-36). Suppose -m*j + w = 2*j. What is the units digit of j?
2
Suppose -4*w = 4*c - 672, 4 = -w + 3*w. What is the hundreds digit of c?
1
Let q be 1 + (-53 + -3)/(-1). What is the tens digit of (-2)/(1 - q/51)?
1
Suppose -w - 15 = -3*q - 45, -3*w + 46 = 2*q. Let y = w - 13. What is the units digit of y?
5
Let i(y) = -y**2 - 11*y + 15. Let d be i(-12). Suppose -d*k - 28 = -79. Suppose -k = -z + 1. What is the units digit of z?
8
Let g = -456 - -696. What is the tens digit of g?
4
Suppose 0 = -i + 35 + 5. What is the units digit of i?
0
Suppose 4*t - 4 = -0. Suppose 2*b - 1 = t. What is the units digit of b?
1
Let k(o) = -o**2 + 6*o + 3. Suppose 4*g - 12 = 8. What is the units digit of k(g)?
8
Suppose 3*d + 96 = 7*d. What is the tens digit of d?
2
Let r(s) = 3*s + 3. Let x(h) = 10*h + 9. Let j(p) = 14*r(p) - 4*x(p). Let t be j(-6). What is the units digit of (9/t)/((-2)/4)?
3
Let q(v) = v**3 - 5*v**2 + 7*v + 8. What is the tens digit of q(6)?
8
Let t(s) = -s**2 - 14*s - 8. Let f be t(-14). Let y = 10 + f. What is the units digit of y?
2
Let a be (-2)/(-3) + (-18)/27. Suppose x - 2 = -a*x. What is the units digit of x?
2
Let y be (-2)/2 + -2 - 1. Let s = 18 - 26. What is the units digit of (6/s)/(y/32)?
6
Suppose 16 - 118 = -g. What is the tens digit of g?
0
Let g 